Let o be ((-2)/(7/(-2) + 3))/1. Let h(g) = 49 + 2*g**3 - 13*g - 66 - o*g**2 + g**2. Is h(7) composite?
False
Let y(i) = 6*i**2 + 2*i + 3. Let z be y(2). Let d = 36 - z. Is (-3538)/(-12) - d/(-30) a composite number?
True
Suppose 189 = 4*m + 169. Suppose 0 = -5*c - 6*i + 8*i + 49465, -m*i = 0. Is c a composite number?
True
Let g = -23 - -26. Let b be 8/8*(g + 2 + -2). Is 8*(29 + -2) + b*-1 prime?
False
Let s(z) = -z**3 + 24*z**2 - 18*z - 115. Let c be s(23). Suppose c = -3*u + 571 + 4706. Is u composite?
False
Let w = 54 + -51. Suppose w*b + 5*o = 4527, 2*o = 2*b - 2363 - 671. Suppose -2*u + 752 = 5*v, 3*v + 2*v = -4*u + b. Is u prime?
False
Let z(x) = -8001*x**3 + x**2 + 3*x + 3. Let r be z(-1). Suppose -9525 = -17*h + r. Is h composite?
False
Let f(u) = -621*u - 3077. Is f(-156) composite?
True
Is 415207/13 - (37/111 - (-5)/3) a composite number?
True
Let m(c) = 4*c**2 - 75*c - 17. Let f be m(19). Suppose 4*r + 6149 = 3*x, 5*x - 9945 = f*r + 308. Is x a prime number?
False
Suppose 3*v = 5*f + 291242, 4*v - 5*v = -f - 97080. Is v a composite number?
True
Let f(g) = 162*g - 9. Let i be f(5). Suppose 14*z + i = -1089. Let d = 311 - z. Is d a prime number?
False
Let n = 1925 - 4419. Let l = n - -5745. Is l composite?
False
Suppose 4*h - 5*z = 39932, -20*z + 25*z = -5*h + 49915. Let s = h - 5450. Is s composite?
True
Let l(d) = d**2 - 5*d - 39. Let c be l(12). Let h = 33 - c. Is 10*((-3)/h)/((-2)/(-20)) a composite number?
True
Let s(l) = l**2 + 22*l + 61. Let m be s(-19). Suppose t = -t - i, m*i + 6 = -5*t. Suppose -5*n - 1250 = -2*o, 4*o + o - t*n - 3167 = 0. Is o composite?
True
Let o be 677 - (-4 + 4*10/5). Suppose 3*w - o = -4*d, 4*w - 178 = 2*d - 3*d. Is d a composite number?
True
Is ((-10)/8)/(((-87)/74081602)/((-6)/(-7))) a prime number?
False
Let z be (23/3 - 7)/(1/3). Suppose -a + 12071 = 4*a - z*g, -2*a + 4841 = -5*g. Is a a composite number?
True
Let u(w) be the first derivative of 55*w**3 - w**2 + w - 14. Is u(-8) a composite number?
True
Is 471173*23/(22 + 1) prime?
True
Let h(u) = -129657*u + 637. Is h(-2) prime?
False
Suppose a = 2*a - 2*i - 133, 3*a = 5*i + 394. Let h be (-3)/12 - (0 - a/12). Let s(f) = 85*f - 29. Is s(h) a composite number?
False
Let i(q) be the second derivative of q**5/10 - q**4/6 + q**3/3 - 47*q**2/2 + 119*q. Is i(14) a composite number?
False
Let x(a) = 508791*a**2 + 835*a - 837. Is x(1) composite?
False
Is 12585/(-12)*(-2)/5*4 a composite number?
True
Let x = -511018 - -940961. Is x prime?
True
Let u = -7507 - -10841. Suppose -u + 17303 = 3*i + 4*r, 5*r + 25 = 0. Is i composite?
False
Suppose 3166487914 = 678*u - 935833124. Is u a composite number?
False
Let n = 56 + -43. Suppose -13026 + 3367 = -n*o. Is o prime?
True
Suppose -9790 = 26*w - 28*w. Suppose 0 = -0*d - 11*d + w. Is d a prime number?
False
Let v = -46295 - -29160. Let a = v + 24976. Is a a prime number?
True
Let i(t) = t**2 - 7*t - 3. Let v be i(8). Let k(o) = 43*o**3 + 2*o**2 - 16*o. Is k(v) prime?
False
Let r(p) = -827*p - 1. Let h = 51 + -47. Suppose 3*k + 16 = h. Is r(k) a composite number?
False
Suppose -7*s = 2*s - 27711. Let w = -2088 + s. Is w a prime number?
True
Let p(a) = 2*a**2 + 5*a - 4. Let x be p(1). Is 135 + 2*(-5 + x) a composite number?
False
Let k(c) = -c**2 - 15*c - 11. Suppose -5*g - g = 84. Let i be k(g). Suppose 4019 = 5*q - 2*q - 5*p, 3*q - 4023 = i*p. Is q a composite number?
True
Suppose h - 12 = -3*f, -17*h = f - 14*h + 4. Suppose 14*i + 6094 = 18*i - 2*b, 4*b = -f*i + 7598. Is i composite?
True
Let t = -49 - -46. Suppose 0 = 92*b - 91*b - 4. Is t/(12/(-18283)) - (-1)/b composite?
True
Suppose 4*r - l + 2*l = 104577, 52276 = 2*r - 2*l. Is r a prime number?
False
Suppose 0 = -17*u + 2*u - 120. Let s(z) = -222*z + 1 + 14 + 44*z. Is s(u) composite?
False
Is ((-13535)/3)/(11/(-33)) a composite number?
True
Suppose g - 83*z + 2 = -82*z, 5*g + 4*z = -46. Let h(s) = 81*s**2 + 5*s + 13. Is h(g) composite?
True
Let c(n) = -8*n - 109. Let w be c(-14). Is (0 - -2 - -293) + w a prime number?
False
Let a(l) = 1034*l**2 + 18*l - 11. Is a(-10) composite?
True
Let h = -14 + 16. Suppose 4*u = 5*u - 4*n - 1288, h*u + n = 2549. Suppose -u = -2*r + 3022. Is r a prime number?
False
Let m(q) = -q + 1. Let i be m(-1). Suppose 4*p = 8*p - 5*f - 920, -i*p + 474 = f. Is p a prime number?
False
Suppose 0 = -v + 4*u + 35755, -15*v + 10*v + 178798 = 3*u. Is v prime?
True
Let k(r) = r**3 + 20*r**2 - r - 52. Let t be k(-20). Let b(h) = 39*h**2 - 4*h + 23. Is b(t) composite?
False
Let y = -372560 + 669315. Is y a composite number?
True
Suppose l = -4*l + 20. Let c be 24/9 + (-22)/6 + l. Suppose -4*s + 1154 = -3*o, -580 = s - 3*s + c*o. Is s a prime number?
False
Let i(v) = -2*v - 18. Let m be i(-7). Let u = m - -6. Suppose -u*l = -499 + 89. Is l a prime number?
False
Let q(m) = 191*m**2 + 34*m + 137. Is q(46) a composite number?
False
Suppose -w + 61*l = 59*l - 140077, -2*l + 280154 = 2*w. Is w prime?
False
Suppose 0 = -i + 3*h + 166127, 5*i - 4*h + 332194 = 7*i. Is i a prime number?
False
Suppose 21*v - 4291 - 203 = 0. Suppose b - v - 4647 = 0. Is b prime?
True
Suppose 441067 = 5*x - 4*q, -29*q + 26*q = -x + 88220. Is x composite?
False
Let n be -3*1*(0 - 3). Suppose 0 = 5*h - 4*r + n*r - 7035, -2*h + r = -2826. Is h a prime number?
False
Let r(d) = 25*d**2 - 10*d - 7. Let f be r(-2). Let q = 336 - f. Is q a prime number?
True
Let v be ((-45)/(-30))/((-2)/(-4)). Let j(f) = -8*f + 12*f**2 + 3 + 21*f + v*f. Is j(11) a prime number?
False
Let g be 6795/20 - (10/(-8))/5. Let v = 668 - g. Let y = v - -259. Is y a prime number?
True
Is (-96)/8 - (-1355490)/10 prime?
False
Let y = 151408 + -105249. Is y a prime number?
False
Suppose 47*t - 975994 = 372295. Is t prime?
True
Let k(u) = 3*u - 14. Let x be k(6). Suppose x*a + 1785 = 3*i + a, 5*i - 4*a - 2980 = 0. Suppose -3*p = b - 247, -4*b - 4*p + i = -388. Is b a composite number?
True
Let i(b) = 362*b**2 + b + 1. Let f = 101 - 99. Suppose -2*x - 8 = -2*z, 0 = -f*x - x - 6. Is i(z) a prime number?
True
Suppose 41 = -2*s - 9. Let o = 35 + s. Let c(t) = 46*t + 27. Is c(o) a prime number?
True
Suppose -4*t - 4*a + 3588 = 0, -3*t = -t + a - 1797. Let j = t + 167. Is j a prime number?
False
Let o(w) = -2 + 5 - 204*w - 181*w. Suppose 3*t + z + 12 = 0, -11*t + 12*t = 4*z - 4. Is o(t) a prime number?
True
Let d(a) = 29*a**2 - 25*a - 21. Let m(l) = -19*l**2 + 17*l + 14. Let y(j) = -5*d(j) - 8*m(j). Suppose 0 = -2*f, 3*p - 18 = -f - 3. Is y(p) a prime number?
True
Suppose -5794 = -299*x + 297*x. Is x a composite number?
False
Suppose w - 1991*m + 1986*m - 723776 = 0, -5*w = -2*m - 3618949. Is w a prime number?
True
Suppose 0 = -275*u + 10001416 - 4455306 + 10703365. Is u composite?
True
Suppose -5*v - 2*i + 61948 = -67950, 3*i = -2*v + 51968. Let b = v + -17243. Is b a composite number?
True
Let g = -49 + 44. Let b be g/(-10)*(-2 + 6). Suppose -b*m + 207 = -91. Is m a prime number?
True
Suppose -3*h + 3*u = -987, 2*h = -u - u + 662. Let x = h + -145. Is x prime?
False
Let x(c) = 13349*c - 5947. Is x(52) prime?
True
Let g(k) be the second derivative of 1/2*k**2 + 22*k + 1/2*k**3 + 0 + 1/4*k**4. Is g(-13) composite?
True
Suppose 6*t - 13*t + 6*t = 0. Suppose 2*k + 416 = 4*f, -3*k = -4*f - t*k + 418. Is f a composite number?
False
Suppose 8*l + 12 = 12*l. Suppose -2*o - 6 = -5*y, -l*y - y + 6 = -o. Suppose 3648 = 3*d + 3*h, -o*h + 0*h = -4*d + 4834. Is d a composite number?
True
Let p = -27 - -36. Suppose -4*f + 9 = v, -5*v + p*f - 4*f = 30. Is -439*(-1)/v*-3 composite?
False
Let j = 51 + 20. Let c = j + -67. Suppose c*m - 993 = m. Is m prime?
True
Let s(k) = 490*k + 31. Let a be s(24). Suppose -5*u + a = 8*u. Is u prime?
True
Let c(x) = 560*x - 1089. Is c(53) prime?
True
Suppose -3*q + 620539 = 7*q - 192631. Is q a composite number?
True
Let k(n) = -318*n - 7. Suppose -c - c = -6, 0 = -3*a - c - 111. Let w = a - -37. Is k(w) prime?
True
Suppose -32*k + 30*k = 10. Let g be -14*(10/(-4) - k). Let a = 92 + g. Is a composite?
True
Suppose 2*n + 2*p - 1640328 = 0, 2*p + 4587753 - 1307103 = 4*n. Is n a composite number?
False
Let a = -12961 - -26628. Let c = a - 7278. Is c prime?
True
Let a be (-4)/(-18) + 344/72 + -1. Suppose 6*i = a*i. Suppose i = -z - 3*k + k + 3281, -2*z + 5*k + 6544 = 0. Is z prime?
False
Suppose 10